reatest common factor of 20 and y?
10
Let b(k) = k**3 + 11*k**2 + 11*k + 13. Let o be b(-10). Suppose 2 = -o*x + 4*x. What is the highest common factor of x and 8?
2
Let m = -23 + 24. Calculate the greatest common divisor of 9 and m.
1
Suppose -k - 18 = -52. Calculate the greatest common factor of 272 and k.
34
Suppose 3*d = -z + 5*z - 495, -4*z + 485 = -d. Let u be 1 - (1/3)/(4/(-132)). Calculate the highest common divisor of u and z.
12
Let y be ((-4)/(-5))/((-2)/(-90)). What is the highest common divisor of y and 9?
9
Let h be 5 - (-3)/3 - (-2 - 2). Calculate the greatest common factor of 70 and h.
10
Let j be (-574)/(-11) - (-2)/(-11). Let s = -31 + j. Calculate the highest common divisor of s and 21.
21
Let m(l) = -l**3 - 7*l**2 + 7*l + 8. Let d be m(-8). Calculate the greatest common factor of d and 16.
16
Suppose 0 = 4*b + 4*g + 4, -b - b = 4*g - 2. Let h = b - -5. Suppose 0 = h*v - 257 + 17. What is the highest common divisor of v and 15?
15
Let i be (-20)/15*9/(-6). Calculate the greatest common divisor of i and 2.
2
Suppose -2*h - 26 = -t - t, -3*t - 3*h = -21. Calculate the highest common divisor of t and 170.
10
Suppose -a + 48 = -157. Let m = a - 51. Calculate the greatest common divisor of m and 14.
14
Let f = 53 + -31. Let z(w) = 2*w - 1. Let t be z(6). Calculate the greatest common divisor of f and t.
11
Let l(b) = -2*b - 4. Let v be l(-3). Suppose m - 5 = -v. What is the highest common divisor of 9 and m?
3
Let j be (-1 - 194)*(-3)/3. Let v = j - 74. What is the highest common factor of 11 and v?
11
Suppose -18 = -4*q - 6. Suppose -3*f + 4*a + 36 = 0, -a + q = -2*a. Calculate the greatest common divisor of 2 and f.
2
Suppose 0 = -2*l + 5 + 1, 3*l - 24 = -3*v. Calculate the greatest common factor of v and 40.
5
Let m be 1/4 - 213/(-12). Suppose -2*x + 7 = -17. Calculate the greatest common divisor of m and x.
6
Suppose -4*q - 54 = -230. Calculate the highest common divisor of q and 33.
11
Suppose 4*y - 189 = -n, -2*y + 87 = 3*n - 0*n. What is the highest common divisor of 16 and y?
16
Let g(y) = -2*y - 5. Let v be g(-4). Suppose 36 = v*u - 0. What is the highest common factor of u and 8?
4
Let b = 23 - 21. What is the greatest common divisor of 2 and b?
2
Let b = -9 + 6. Let i be 0/((-6)/(1*b)). Suppose 2*f + i*f = 54. Calculate the greatest common factor of f and 18.
9
Let f(v) = 19*v - 14. Let o be f(10). What is the greatest common divisor of 22 and o?
22
Let m be 4/((-3)/(12/8)). Let g be 1 - m - -138 - -3. What is the highest common factor of 16 and g?
16
Let m = 220 + -152. Suppose -3*v + m = -67. Calculate the highest common divisor of v and 5.
5
Let u(p) = 7*p - 4. Let w be u(1). Calculate the highest common divisor of 21 and w.
3
Suppose 4 = 2*d - 10. Let c be d + (-2*1 - 0). Let v be 1/c + 1197/15. What is the highest common divisor of v and 32?
16
Suppose 2*i = -2*i - 4. Let n be (-1 - (i + 2)) + 2. Let o(d) = -d**3 - d + 4. Let l be o(n). What is the highest common factor of 20 and l?
4
Suppose 9*k - 4*k - 25 = 0, 3*p - k = 79. Let x = -176 + 246. Calculate the greatest common divisor of p and x.
14
Let s(a) = -a**2 - 2*a + 2. Let c be s(-4). Let m be 3*9/c*-6. Suppose -4*z - 25 + 97 = 0. What is the highest common factor of m and z?
9
Let a(c) = 0*c + 0*c**3 - 2*c**3 - 5*c**2 + c - 2. Let f be a(-4). What is the greatest common divisor of f and 6?
6
Let g = -12 + 35. Suppose 9*s - 4*s - 575 = 0. What is the highest common factor of s and g?
23
Suppose 4*p - 24 = -0*p. Let a be ((-20)/6)/(p/(-9)). Suppose 5 = a*k - 0*k. What is the highest common divisor of k and 1?
1
Let q = 24 + -17. Suppose 0 = 4*p - 5*y - 234, -3*y + 158 = 3*p + 2*y. Calculate the highest common factor of p and q.
7
Let o = -80 - -98. Calculate the greatest common factor of 2 and o.
2
Suppose -7*v + 6*v = 4*o - 27, -o = 5*v - 116. Calculate the greatest common divisor of v and 161.
23
Suppose -20 = -4*j - 0*j. Suppose -4*p - 4*z + 332 = 0, -130 = -p - j*z - 35. What is the highest common divisor of p and 10?
10
Let k be (-10)/3*-6*112/40. Calculate the highest common factor of k and 140.
28
Let s(o) = -o**3 + 2*o**2 + 2*o - 1. Let j be s(-3). Calculate the greatest common divisor of j and 152.
38
Let x be 2/(-3)*9/(-2). Suppose x*g - 7*g = -16. Let q be 2/g - (-237)/2. Calculate the greatest common factor of q and 17.
17
Suppose t - 61 - 47 = 0. Calculate the highest common factor of t and 27.
27
Let u(n) = 57 - n - 29 + 42. Let y be u(0). Suppose -5*c = -3*j - 73, 3*c - 30 = c + 2*j. What is the greatest common factor of c and y?
14
Let k = -2 - -2. Suppose -3*i - 4*g + 37 = k, 0*i = 2*i - 2*g - 34. What is the highest common factor of 105 and i?
15
Let g be -1 + 36 + -2 + 0. Let d = -4 - -6. Suppose 8 + 1 = w + 3*b, 2*w - 2*b - d = 0. What is the highest common divisor of w and g?
3
Suppose 0*l - 2*l = -2, -3*y - 3*l + 51 = 0. Calculate the highest common divisor of 64 and y.
16
Let y(n) = 4*n**2 - 4 - 5*n**2 + 2*n - 10*n - 1. Let l be y(-6). Suppose -4*q - 265 = -5*d, -d - 23 = 2*q - 62. Calculate the highest common factor of l and d.
7
Let w = -6 - -16. Calculate the greatest common divisor of 4 and w.
2
Suppose 0 = -3*x + 28 + 38. What is the highest common divisor of 33 and x?
11
Let j be ((-2)/(-4))/(7 + -8)*-34. What is the greatest common factor of j and 68?
17
Let p = 349 + -216. Let d be (-4)/(-6) - p/(-21). What is the highest common factor of 7 and d?
7
Let v(k) = 10*k**3 - 4*k**2 + k + 2. Let j be v(2). Calculate the greatest common factor of j and 17.
17
Suppose 3*q - 210 = -3*q. Calculate the highest common divisor of 280 and q.
35
Suppose 2*l - 110 = -3*l. Suppose l = 4*n + 6. Suppose n*p - 67 = -11. What is the highest common factor of 154 and p?
14
Let s be -2*(12/15)/2*-20. What is the highest common divisor of s and 16?
16
Let a be 9/(2 + 2 + -3). Let o = a - 3. What is the greatest common divisor of o and 24?
6
Let m(b) = b + 20. Let x(o) = -o**3 - 3*o**2 + 4*o + 3. Let i be x(-3). Let t be m(i). Calculate the highest common divisor of 66 and t.
11
Let z = 0 + 0. Let t be z + -10*3/(-2). Let s = 69 - 9. What is the highest common divisor of t and s?
15
Let z(b) = b. Let r be z(6). Let v(s) = -s**3 + 6*s**2 + 3. Let i be v(6). Suppose -i*d = -4*d + 48. Calculate the highest common divisor of d and r.
6
Suppose s - 3*s + 264 = 0. Calculate the highest common divisor of 12 and s.
12
Suppose -3*i + 61 = 10. Suppose i + 1 = g - 2*d, 10 = -2*d. Suppose 8 + 24 = j. What is the highest common divisor of j and g?
8
Let h = 37 - 35. Calculate the highest common factor of h and 10.
2
Let b(i) = i**3 - 4*i**2 - i + 8. Let j be b(4). What is the greatest common divisor of j and 20?
4
Suppose 0 = -4*j - 2*w + 96, 4*j = -2*w + 6*w + 84. Calculate the highest common divisor of 230 and j.
23
Let r = -51 - -70. What is the greatest common factor of 1 and r?
1
Let f(g) = g**3 - 7*g**2 + 8*g - 7. Let h be f(6). Suppose 49 = 4*c + h*a - 142, -4*c - 4*a = -188. Calculate the greatest common divisor of 11 and c.
11
Let f = -106 + 162. Suppose 3*c - 29 = 5*y, -4*y + 12 = c + c. Calculate the highest common divisor of c and f.
8
Suppose -4*n - 336 = 4*c - 0*n, 0 = -4*c - 3*n - 334. Let v = c - -121. What is the greatest common factor of v and 13?
13
Let l = 60 - 57. Calculate the highest common divisor of l and 6.
3
Let j = 1028 - 716. Let s be j - 4 - (-1 - -1). Suppose s = 4*v - 0*v. What is the highest common factor of v and 11?
11
Suppose -2*l - 72 = l. Let x = 53 + l. Let n = 56 - x. Calculate the highest common factor of n and 3.
3
Suppose -2*s + 2*n = s - 23, 4*s - 2*n = 28. Let a = s - 2. Calculate the highest common divisor of a and 21.
3
Let o = 635 - 85. Suppose -o = -v - 4*v. Suppose -4*p - p + v = 0. Calculate the greatest common divisor of 11 and p.
11
Let g = 14 + 1. Let w be ((-8)/(-3))/(5/g). Calculate the greatest common divisor of 2 and w.
2
Let d be 14/(-12) - 4/(-24). Let w be (-20 + 1)/(1/d). Calculate the greatest common divisor of w and 38.
19
Suppose 3*t - 12 = 3*r, -t + 3*t - 8 = 5*r. Let x(q) = 2*q + 2. Let o be x(t). Calculate the greatest common factor of 30 and o.
10
Let f be 239 - (-1 + 0/3). Let y = -75 + f. Suppose 5*k - 60 = y. What is the greatest common divisor of 30 and k?
15
Let z be (3/(-2))/((-6)/8). Wha